{"id":3390,"date":"2024-05-08T15:28:26","date_gmt":"2024-05-08T20:28:26","guid":{"rendered":"https:\/\/oficio.com.co\/?post_type=product&#038;p=3390"},"modified":"2026-01-30T19:26:29","modified_gmt":"2026-01-31T00:26:29","slug":"jarron-tres","status":"publish","type":"product","link":"https:\/\/oficio.com.co\/en\/tienda\/barro\/jarron-tres\/","title":{"rendered":"Jarr\u00f3n Tres"},"content":{"rendered":"<p>Todos nuestros precios incluyen IVA.<\/p>\n<p><strong>Material:<\/strong> Arcilla Roja<\/p>\n<p><strong>T\u00e9cnica:<\/strong> Alfarer\u00eda.<\/p>\n<p><strong>Origen:<\/strong> R\u00e1quira, Boyac\u00e1<\/p>\n<p><strong>Detalles:<\/strong> Interior esmaltado, apto para l\u00edquidos.<\/p>\n<p><strong>Tiempo de entrega:<\/strong> Para productos con stock disponible, el tiempo de entrega en Colombia es de 2 a 3 d\u00edas h\u00e1biles. Para pedidos internacionales aplican tiempos seg\u00fan el destino, m\u00e1ximo 10 d\u00edas para productos con stock disponible.<\/p>\n<p><strong>Cuidados:<\/strong><\/p>\n<p><span style=\"font-weight: 400;\">Para prolongar la vida de esta pieza recomendamos:<\/span><\/p>\n<p><span style=\"font-weight: 400;\">. Lavar a mano con esponja suave, agua y jab\u00f3n de platos, secar al aire libre. No usar lavavajillas.<\/span><\/p>\n<p><span style=\"font-weight: 400;\">. Uso utilitario en mesa y cocina.<\/span><\/p>\n<p><span style=\"font-weight: 400;\">. Resistente a l\u00edquidos. En algunos casos puede presentar filtraciones, esto se debe a la porosidad del material.<\/span><\/p>\n<p><span style=\"font-weight: 400;\">. Resistente a horno microondas.<\/span><\/p>","protected":false},"excerpt":{"rendered":"<p>Jarr\u00f3n en barro esmaltado interiormente.<\/p>","protected":false},"featured_media":3396,"template":"","meta":[],"product_brand":[],"product_cat":[27,152],"product_tag":[],"class_list":{"0":"post-3390","1":"product","2":"type-product","3":"status-publish","4":"has-post-thumbnail","6":"product_cat-barro","7":"product_cat-jarrones","8":"product_shipping_class-paquete-l-colombia","9":"pa_tamano-31x11x22","11":"first","12":"outofstock","13":"sale","14":"shipping-taxable","15":"purchasable","16":"product-type-variable"},"_links":{"self":[{"href":"https:\/\/oficio.com.co\/en\/wp-json\/wp\/v2\/product\/3390","targetHints":{"allow":["GET"]}}],"collection":[{"href":"https:\/\/oficio.com.co\/en\/wp-json\/wp\/v2\/product"}],"about":[{"href":"https:\/\/oficio.com.co\/en\/wp-json\/wp\/v2\/types\/product"}],"wp:featuredmedia":[{"embeddable":true,"href":"https:\/\/oficio.com.co\/en\/wp-json\/wp\/v2\/media\/3396"}],"wp:attachment":[{"href":"https:\/\/oficio.com.co\/en\/wp-json\/wp\/v2\/media?parent=3390"}],"wp:term":[{"taxonomy":"product_brand","embeddable":true,"href":"https:\/\/oficio.com.co\/en\/wp-json\/wp\/v2\/product_brand?post=3390"},{"taxonomy":"product_cat","embeddable":true,"href":"https:\/\/oficio.com.co\/en\/wp-json\/wp\/v2\/product_cat?post=3390"},{"taxonomy":"product_tag","embeddable":true,"href":"https:\/\/oficio.com.co\/en\/wp-json\/wp\/v2\/product_tag?post=3390"}],"curies":[{"name":"wp","href":"https:\/\/api.w.org\/{rel}","templated":true}]}}

Jarrón Tres

<p>Todos nuestros precios incluyen IVA.</p>
<p><strong>Material:</strong> Arcilla Roja</p>
<p><strong>Técnica:</strong> Alfarería.</p>
<p><strong>Origen:</strong> Ráquira, Boyacá</p>
<p><strong>Detalles:</strong> Interior esmaltado, apto para líquidos.</p>
<p><strong>Tiempo de entrega:</strong> Para productos con stock disponible, el tiempo de entrega en Colombia es de 2 a 3 días hábiles. Para pedidos internacionales aplican tiempos según el destino, máximo 10 días para productos con stock disponible.</p>
<p><strong>Cuidados:</strong></p>
<p><span style="font-weight: 400;">Para prolongar la vida de esta pieza recomendamos:</span></p>
<p><span style="font-weight: 400;">. Lavar a mano con esponja suave, agua y jabón de platos, secar al aire libre. No usar lavavajillas.</span></p>
<p><span style="font-weight: 400;">. Uso utilitario en mesa y cocina.</span></p>
<p><span style="font-weight: 400;">. Resistente a líquidos. En algunos casos puede presentar filtraciones, esto se debe a la porosidad del material.</span></p>
<p><span style="font-weight: 400;">. Resistente a horno microondas.</span></p>

<p>Jarrón en barro esmaltado interiormente.</p>
